1. Let z be b(-3). Let q = z + -5. What is the highest common factor of 1 and q?
1
Let h(n) = n + 0*n + 13*n**2 - 6*n**2 - 1 + n. Let b be h(1). Let o = b - -31. What is the greatest common divisor of o and 13?
13
Let k(l) = -l**3 - 16*l**2 - 14*l + 17. Let r be k(-15). Calculate the greatest common divisor of 10 and r.
2
Suppose 4*r = -d, 9*d + r = 4*d + 38. Calculate the highest common divisor of d and 4.
4
Suppose -8*h + 6*h + 56 = 0. Let r = 212 + -142. Calculate the highest common divisor of r and h.
14
Suppose 0*s + 10 = 5*s. Let k = s + 4. Suppose -4*j + r = -191, j - 24 = -5*r + 29. Calculate the highest common divisor of k and j.
6
Let u(i) = -2*i**3 + 3*i**2 + 2*i - 1. Let z be u(-2). What is the greatest common factor of z and 69?
23
Let g = 95 + -50. Let o = 89 - g. Let d(w) = w + 11. Let u be d(0). Calculate the greatest common divisor of o and u.
11
Suppose -32*f = -28*f - 60. Calculate the greatest common factor of f and 3.
3
Let b(r) = -5*r + 37. Let y be b(5). What is the highest common factor of y and 60?
12
Let v be 1*-13 - (-2 - 0). Let k = v - -13. What is the greatest common factor of k and 4?
2
Let t(y) be the third derivative of y**5/60 + y**4/12 + y**3/6 - 6*y**2. Let r be t(-5). What is the highest common factor of 40 and r?
8
Suppose p - 43 + 19 = -3*z, 0 = -3*p. Calculate the greatest common divisor of 2 and z.
2
Suppose 0 = d - 3*a - 44, -a = 2*d + 4*a - 66. What is the greatest common factor of d and 76?
38
Let q be 0 + -6 + 3 + 3. Suppose q = -17*g + 19*g - 66. Calculate the highest common divisor of 297 and g.
33
Let j(r) = r**2 - 7*r + 9. Let p be j(6). Suppose p*u = 144 + 18. Let i = 1 + 5. Calculate the greatest common factor of u and i.
6
Let b = 3 - -1. Let q be (-2)/4*(4 - b). Suppose q = 4*u - 84 - 44. Calculate the highest common divisor of u and 8.
8
Suppose 0 = -r - 0*k + 5*k + 14, r = 2*k + 5. Let g = 3 - r. Suppose 2*t = -3*t + 20. Calculate the greatest common factor of t and g.
4
Suppose 5*g - 1960 = -200. Suppose 3*a = 161 + g. Calculate the highest common factor of a and 19.
19
Suppose -5*d = 3*s + 2 - 4, s = 4*d + 12. Calculate the highest common divisor of s and 12.
4
Let j = 88 + -3. What is the greatest common divisor of 17 and j?
17
Let k(x) = x**3 + 11*x**2 - 10*x + 35. Let c be k(-12). Calculate the greatest common divisor of 11 and c.
11
Let k be (-8)/(-12)*66/4. Suppose 2*m = 7*m + 35. Let v be (1 - m)/(2/22). What is the highest common divisor of v and k?
11
Let t be -4 + (-2 - 15/(-1)). Let a be 3/6 - (-35)/2. What is the greatest common factor of t and a?
9
Let u(z) = z**3 + 5*z**2 - 6*z + 5. Let m be u(-5). Suppose -2*b - 2*b + m = 5*w, -5*w = -2*b - 65. Calculate the highest common factor of w and 99.
11
Let u(w) = w**2 - w - 3. Let k be u(2). Let i be 1*20*k/(-1). What is the greatest common divisor of i and 30?
10
Let l be (1 - (0 + 0)) + 1. Suppose -l = -4*s + 198. Let v(t) = 19*t + 1. Let k be v(1). What is the greatest common divisor of s and k?
10
Let v = 5 + -3. Let l = 24 + -22. Calculate the highest common factor of l and v.
2
Let x = -26 - -36. Let b be 228/x + 5/25. What is the highest common factor of b and 23?
23
Let r = 404 - 224. Let n be -2 - (3 + -3 - 12). Suppose -5*p = 2*c - 100, -3*c - 30 + n = -p. What is the highest common divisor of p and r?
20
Let c be 1 - 1/(-2)*0. Let j be c + 0/1 + 55. What is the greatest common divisor of 8 and j?
8
Suppose -2*y = -1 - 63. What is the greatest common factor of y and 16?
16
Let o(a) = -a**3 + 7*a**2 - 3*a - 8. Let h be o(4). Suppose 0 = 3*t + 33 - 159. What is the greatest common factor of h and t?
14
Let g be (12/(-15))/((-4)/(-30)). Let r = -22 - -12. Let x = g - r. What is the highest common divisor of 1 and x?
1
Let r be 8/(-12)*63/(-6). What is the highest common factor of r and 63?
7
Suppose 4*z = -4*c + 29 + 15, -2*c + 36 = 4*z. Suppose 5*v = 3*t - 202, 3*t = -t + 2*v + 288. Let o = -4 + t. What is the highest common divisor of o and z?
7
Let r(k) = -3*k - 6. Let i be r(-6). Suppose o = -p + 100, p - 2*o + 104 = 2*p. Calculate the highest common factor of p and i.
12
Let b = -9 + 11. Let n be 0 + (0 - b) + 4. Calculate the greatest common factor of n and 5.
1
Suppose 0*r - 2*r = -12. Let j = 0 + r. Let i(p) = -p**3 - 3*p**2 - p - 7. Let y be i(-5). What is the highest common divisor of j and y?
6
Suppose 3*j = 2*j + 100. Let d(h) = h + 6. Let m be d(4). What is the greatest common factor of m and j?
10
Let w = -2 + 3. Let x be (-4)/(-8)*(-10)/w. Let j(d) = -d**3 - 3*d**2 - d - 6. Let f be j(x). Calculate the greatest common factor of 7 and f.
7
Let m = -69 - -99. Suppose -m = -3*o + 48. What is the greatest common divisor of 39 and o?
13
Let v = 9 - 9. Suppose v = -5*x + x - w - 1, 0 = -3*x + 5*w + 28. Calculate the highest common divisor of x and 8.
1
Let j be 24/13 - 10/(-65). Suppose -3*s - j*p - 2*p + 40 = 0, -4*s = -5*p - 105. Let m be 3*(-1 - (-7)/3). Calculate the greatest common factor of s and m.
4
Let n(c) = c + 5. Let j be n(-5). Suppose j = 4*t - 185 + 41. Calculate the greatest common divisor of t and 24.
12
Let p = -61 - -113. Suppose 3*n - p = -n. Calculate the greatest common divisor of n and 13.
13
Suppose -251 = -3*q + 4*j, 3*q - 313 = -q + j. Let t be (7/(-2))/(1/(-14)). Let l = q - t. Calculate the highest common divisor of 7 and l.
7
Suppose -10 = -5*c - p, -p - 5 = -c + 3. Let b be -3*(-4)/6*1. What is the highest common factor of b and c?
1
Let x be 2 + 0*(-1)/3. Let b(v) = -v**2 + 5*v - 2. Let z be b(3). Suppose -5*c = -3*s - 120, z*c + x*s = c + 72. What is the highest common divisor of 6 and c?
6
Suppose -2*h - 39 + 3 = -2*s, 0 = -h + 1. Suppose 4 = j, -3*j = c - s + 6. Calculate the greatest common factor of 9 and c.
1
Let k = 4 + -6. Let r be ((-2)/k)/(2/126). Suppose 3*x - 3*o + 33 = 5*x, 0 = -5*x - 5*o + 70. What is the greatest common factor of r and x?
9
Let o be (60/14)/((-4)/(-28)). Let y be (o/8)/(1/16). Calculate the highest common factor of y and 12.
12
Let a = -7 - -9. Let o(k) = 9*k**2 - 2*k + 2. Let j be o(a). Calculate the highest common factor of j and 85.
17
Suppose -2*u = 5*t + 6, 3*t = u - 6 - 2. Let k be -6*5*t/5. Calculate the highest common factor of k and 12.
12
Suppose -11 = 5*b + 19. Let r be (10/b)/(2/(-72)). Let y = 26 + -14. Calculate the greatest common divisor of r and y.
12
Let y(w) = 1 + 0*w + w - 3 + 4. Suppose -4*z = -7*z + 12. Let k be y(z). What is the highest common factor of k and 30?
6
Suppose 3*v = 199 - 55. Let g = -75 - -107. Calculate the highest common factor of g and v.
16
Let q(f) = 8*f**2 + 3*f + 4. Let p be q(-4). Let m = -84 + p. What is the greatest common divisor of m and 12?
12
Let q be (-1)/(7/3 - 2). Let r be (4/q)/2*-18. Suppose 3*y + 4*n = 8, 2*y - n - 20 = -0*n. What is the greatest common divisor of y and r?
4
Suppose -5*g - 1 - 19 = 0. Let n(p) = p**3 + 4*p**2 - 4*p + 1. Let s be n(g). What is the highest common divisor of 153 and s?
17
Suppose 3*s + 3 - 87 = 0. What is the greatest common divisor of 70 and s?
14
Suppose -3*a = -0*a. Suppose w + 4*w - 5 = 0. Let j = w + a. What is the greatest common divisor of j and 7?
1
Let b(a) = a**2 + 7*a + 8. Let z be b(-6). Let o(t) = t**3 + 5*t**2 + 4*t + 21. Let c be o(-5). Calculate the greatest common factor of c and z.
1
Let q(d) = 4*d**2 + 2*d. Let i be q(-5). Calculate the highest common divisor of i and 10.
10
Let j(c) = 95*c**3 - 2*c**2 + 1. Let o be j(1). Suppose -2*s + 28 = 4*x, o + 18 = 5*s - 4*x. What is the highest common factor of 160 and s?
20
Let g(a) = -a. Let d be g(-5). Suppose d*u + 24 = -0*s + s, u + 21 = 2*s. Suppose s = 4*t - 23. Calculate the greatest common divisor of 8 and t.
8
Suppose 0 = -n - 0*n + 5*y + 36, y = -5*n + 76. Let m(x) = x**2 + 7*x + 20. Let b be m(-4). What is the greatest common factor of n and b?
8
Suppose 2*r - 20*z + 21*z = 96, 5*z = -3*r + 144. Let d = -6 + -1. Let x(s) = -5*s - 3. Let u be x(d). Calculate the greatest common factor of r and u.
16
Let o = -20 - -32. Suppose 0 = 3*b + 2*b + 20. Let k = o - b. What is the highest common factor of k and 24?
8
Let q be ((-4)/(-16))/((-2)/(-24)). What is the highest common factor of q and 6?
3
Let s(t) = -t**2 + 21*t - 38. Let f be s(16). What is the greatest common factor of 28 and f?
14
Suppo